d by u?
24
Let n(c) = c**3 + 12*c**2 + 2. Let r be n(-12). Suppose j = -b - 2*b + 10, -r*j + 23 = 5*b. What is the remainder when 51 is divided by j?
13
Let i be 4 - 32/10 - (-22)/10. Suppose 0 = -i*j - 3, 5*j - 29 = -f - f. Let z = 7 - 1. What is the remainder when f is divided by z?
5
Suppose -2*u = -u + 9. Let f(s) = -s**2 - 13*s - 8. What is the remainder when 83 is divided by f(u)?
27
Suppose 3*i + k - 125 = -0*k, 3*k + 213 = 5*i. Let v(b) = 3*b - 7. Let l be v(-12). Let y = l + 58. What is the remainder when i is divided by y?
12
Suppose -5*o + 3*o + 16 = 0. Suppose 16 - 40 = 2*t. What is the remainder when 2*(4 - 30/t) is divided by o?
5
Suppose 3*h + 1 = a, -3*a - 5*h - 9 = -54. Calculate the remainder when 137 is divided by (a/6)/(3/18).
7
Suppose 8 - 82 = -2*j. What is the remainder when j is divided by (((-2)/8)/(-1))/((-1)/(-52))?
11
Suppose 7*c - 1097 = -110. What is the remainder when c is divided by 18?
15
Let z(o) = -9*o**2 - 11*o + 1. Let m(g) = -g**3 - g**2 + 1. Let x(t) = m(t) + z(t). What is the remainder when x(-10) is divided by 19?
17
Suppose -2*a = -2*q + 24, 9 - 1 = 4*q. What is the remainder when 67 is divided by 3/((-9)/(-12)) - a?
11
Let j = -92 - -162. Let u(i) = -2*i**2 - 15*i + 39. Calculate the remainder when j is divided by u(-9).
10
Let v be -5 - -3 - (-2 + -1). Let u be 11 - 2 - v - 0. Let b(z) = -z**2 + 10*z - 1. What is the remainder when 74 is divided by b(u)?
14
Suppose 0 = -5*b - 0*b. Suppose 4*i - 25 = -2*j - 3*j, -2*i = b. What is the remainder when 17 is divided by j?
2
Let d be -8 + (8 - 4) + 8. Suppose 96 = -0*u + 4*u + 5*h, 5*u - 120 = -d*h. Let p = 38 - u. What is the remainder when 26 is divided by p?
12
Suppose -2*i - 2*i - 48 = 0. Let q = i - -21. Calculate the remainder when q is divided by 5.
4
Suppose 44 = 6*m + 8. Suppose -u + 602 = m*u. What is the remainder when u is divided by 11?
9
Suppose 0 = -8*n + 503 + 817. Let l(q) = -q**3 - 11*q**2 + 10*q - 16. What is the remainder when n is divided by l(-12)?
5
Let y = -488 + 579. Calculate the remainder when y is divided by 51.
40
Let k = 64 - 73. Calculate the remainder when 6 is divided by (26/8 - k/12) + -1.
0
Let q(u) be the first derivative of u**4/4 + 25*u**3/3 - 3*u**2/2 - 60*u - 44. What is the remainder when 58 + (-1 - (0 + -1)) is divided by q(-25)?
13
Let a(c) = c**3 - 2*c**2 + 25. What is the remainder when 449 is divided by a(0)?
24
Let x = -14 + 312. Suppose 8*h + x = 9*h. What is the remainder when h is divided by 20?
18
Let r be 1 + 10 + 2/(-1). Suppose -5*t + r*t - 148 = 0. Let o(y) = -y**3 + 6*y**2 + 4*y - 5. What is the remainder when t is divided by o(6)?
18
Let o(i) = -6*i + 17. Let y be o(4). Let t be (-4)/(-10) + (-2)/5. Let h = t - y. Calculate the remainder when 32 is divided by h.
4
Let p be (-1)/((-9)/6 - -2). What is the remainder when 1/(-5)*p - 676/(-10) is divided by 24?
20
Suppose 0 = -5*r - 2*z - 2, 0*r + 4*r + 12 = z. What is the remainder when (-2)/((-4)/70) - (r - 0) is divided by 20?
17
Calculate the remainder when 6867/105 + (-2)/5 is divided by 19.
8
Let j be (-19)/7 + (-16)/56. Let i(m) = -2*m. Let y be i(j). Let n(k) = 2*k + 1. Calculate the remainder when 24 is divided by n(y).
11
Suppose m - 119 = -2*z, -4*m + 5*z = -8*m + 488. Calculate the remainder when m is divided by 8.
7
Let k(w) = 86 - w**3 - 10*w**2 + 2*w**3 + 4*w - 80 + 0*w**2. What is the remainder when 183 is divided by k(10)?
45
Let j = 114 + -101. What is the remainder when 2/3 + (-302)/(-6) is divided by j?
12
Suppose 0 = -f + 4*f - 5*i + 9, f = 3*i - 3. Calculate the remainder when 101 is divided by f/(-6)*(54 - 4/2).
23
Let i(f) = -f**3 - 22*f**2 - 42*f - 374. Calculate the remainder when 148 is divided by i(-21).
14
Suppose 290*k = 297*k - 49. Suppose 0 = -5*u + 68 + 62. What is the remainder when u is divided by k?
5
Let u = 30 - 9. Let m(b) = -6*b + 209. What is the remainder when u is divided by m(33)?
10
Let b(f) = -2*f**2 - 48*f + 64. Calculate the remainder when b(-23) is divided by 4.
2
Suppose -7 = -s + 4. Suppose -s*w - 28 = -12*w. Calculate the remainder when 79 is divided by w.
23
Let i(a) = 2*a + 22. Let t be i(-8). Suppose -4*u = -4*j, 4*u - 18 - t = -4*j. What is the remainder when 38 is divided by u?
2
Let t = 333 + -219. Suppose -7*s + 786 = t. Let j = 100 - 67. What is the remainder when s is divided by j?
30
Let j(z) = 23*z - 1. Let g be j(3). Calculate the remainder when 60 is divided by -1 + g/(3 + 1).
12
Let i = 152 + -80. Let q = -57 + i. What is the remainder when q is divided by 8?
7
Let x(s) = 3*s**2 - 5*s + 2. Suppose -2*f = f - 9. Calculate the remainder when 81 is divided by x(f).
11
Let m = 4 + -1. Let w(a) = -a - 5. Let d be w(-6). Let j = d + 3. What is the remainder when j is divided by m?
1
Let s(t) = -t**3 - 5*t**2 - 5*t + 3. Let x be s(-4). Suppose 2*u = x*u - 30. Suppose -r + u*r = 10. Calculate the remainder when 5 is divided by r.
1
Let g(b) = -2*b + 5. Let a be g(10). Let y = -2 - a. Let f = y + -10. Calculate the remainder when f is divided by 2.
1
Suppose s + 0 - 4 = 2*v, 0 = 4*s - 3*v - 11. Suppose -4*a = -2*a + 148. What is the remainder when (2/s)/((-2)/a) is divided by 19?
18
Suppose 7*z = 9*z - 4. Let k(b) = 13*b - 8. Calculate the remainder when k(z) is divided by 1 + 4 + 0/1.
3
Let q(r) = -r**3 + 10*r**2 - 6*r - 34. What is the remainder when q(-7) is divided by 13?
9
Suppose 33440 = 63*d - 19*d. What is the remainder when d is divided by 15?
10
Let x(l) = -17*l + 633. Calculate the remainder when x(32) is divided by 19.
13
Let j(t) = -t**3 - 7*t**2 + 14*t - 14. Calculate the remainder when 165 is divided by j(-9).
11
Let x = -207 + 216. What is the remainder when 22 is divided by x?
4
Let z(g) = g**3 - g + 3*g**2 + 4*g**2 - 2*g - 7. What is the remainder when 55 is divided by z(-7)?
13
Suppose 99 + 4381 = 56*r. Calculate the remainder when 159 is divided by r.
79
Suppose 35 = -4*r - i - 34, r - i = -16. Let b = r - -21. Calculate the remainder when 13 is divided by b.
1
Let a be (-19464)/136 - (-2)/17. Let s = a - -170. What is the remainder when 104 is divided by s?
23
Let v(b) = 18*b**2 - 17*b - 9. Let k be v(-7). Calculate the remainder when k/(-48)*6/(-4) is divided by 11 + 0 + (3 - 3).
9
Suppose 2*o - 2*g = 82, -11*o + 147 = -8*o + 3*g. What is the remainder when 59 is divided by o?
14
Let k = -233 + 571. Calculate the remainder when k is divided by 68.
66
Let l be ((-4)/10)/(1/(-30)). Suppose -7 = 5*m - l*m. What is the remainder when m is divided by 1?
0
Let l = -558 - -592. What is the remainder when 110 is divided by l?
8
Suppose 165 = -3*s + 8*s. Let m = 18 - 9. What is the remainder when s is divided by m?
6
Let g = -1073 - -1619. Calculate the remainder when g is divided by 61.
58
Let t(c) = c**2 + 2*c + 4. Suppose 13*o = 17*o - 632. Suppose u + k - 88 = 0, -k + 96 = 3*u - o. Calculate the remainder when u is divided by t(4).
27
Suppose -2*z = -c - 4*c - 22, 0 = -c - 3*z - 1. Calculate the remainder when 4/(-12) - (-94)/3 is divided by 2/1*2 - c.
7
Suppose -6*m + 10 = -m. Suppose 0*y = -m*y + 22. Calculate the remainder when (42/5)/(33/165) is divided by y.
9
What is the remainder when 465 is divided by 34 + -1 + 6 + 27/(-27)?
9
Let u = -726 + 829. What is the remainder when u is divided by 45?
13
Let z(j) be the second derivative of j**4/6 + j**3/6 + 13*j**2/2 - 4*j. Suppose 0*k = 2*k. Calculate the remainder when 36 is divided by z(k).
10
Suppose -3*j = -2*b - 1461, 0 = -j + 14*b - 19*b + 487. Calculate the remainder when j is divided by 122.
121
Calculate the remainder when 246 - (7 + -16 + 8) is divided by 28.
23
Let q(v) be the first derivative of -v**2 - v - 27. What is the remainder when 17 is divided by q(-6)?
6
Suppose -3*y = 3*g - 15, -y - 19 = -5*g - 3*y. Suppose -j + 14 = -4*p, 5*p = 24*j - 23*j - 17. Calculate the remainder when g is divided by j.
1
Let h = 0 + -7. Let t = -8 - h. Let u(c) = -34*c. What is the remainder when u(t) is divided by 9?
7
Let v(b) = b**2 + 8*b - 236. What is the remainder when 183 is divided by v(-21)?
35
What is the remainder when 1/(-5) + 2655/25 + -8 is divided by (5/(-1))/(((-15)/(-5))/(-15))?
23
Suppose -7*v + 9*v = 140. Let f = 117 - v. Suppose 0 = 5*h + 2*j - 70, -3*h + 0*j + 41 = j. Calculate the remainder when f is divided